n**2 + 8. Let f(d) = -2*d**2 + 23*d + 29. Let y be f(13). Let m be x(y). Is r(m) a composite number?
True
Let h = -811 + 867. Suppose -138589 = -h*d + 13*d. Is d a prime number?
False
Suppose 15*s - 10*s - y + 5370 = 0, -y - 5 = 0. Let h = -588 - s. Is h composite?
False
Let p(y) = 43825*y**2 + 421*y + 845. Is p(-2) prime?
True
Suppose 4*d + 118351 - 1495135 = 4*f, -2*f = d - 344175. Is d a prime number?
True
Suppose -96*m - 468216 = -264*m. Is m a composite number?
True
Let y(a) = 2*a**3 - 10*a**2 - 16*a + 27. Let s be y(6). Suppose 0 = -s*f - 3*t + 44301, -3*f = -5*f + t + 29534. Is f a composite number?
False
Suppose 115 = -j - 4*j. Suppose -4662 = -8*z - 4182. Let c = j + z. Is c a prime number?
True
Let f be 1687440/(-40)*4/(-1). Suppose f = 26*y - 49630. Is y prime?
False
Let o = 902994 + -564553. Is o composite?
True
Let a = -32339 - -167517. Is a a prime number?
False
Suppose 200 = 2*g + 6*j - 2*j, 2*g - 3*j = 165. Let x = g + -80. Suppose -9*l + x*l - 93 = 0. Is l composite?
True
Let y(q) = -205*q**3 + 8*q**2 + 6*q + 19. Let p be y(-6). Suppose -4*b - 9*b + p = 0. Is b a prime number?
False
Suppose y + 1430 = x, -7120 = 3*y + 2*y + 5*x. Let j = y + 2723. Suppose -7*o + 13 + j = 0. Is o a composite number?
True
Let q be 240460/770 - 2/7. Let g = -4120 - -5793. Let y = g - q. Is y a composite number?
False
Let i = -216 - -216. Suppose -4*g + 3*t = -2284, g - 7*t + 3*t - 571 = i. Is g composite?
False
Let w be -2*(25/(-10) + 3). Is (w/(-2))/(0 + 1/2302) prime?
True
Let u(w) = -140*w**3 + 38*w**2 + 38*w + 167. Is u(-15) prime?
True
Let g be ((-45)/(2 - -1))/((-2)/9434). Suppose -8*r + 14549 + g = 0. Is r a prime number?
True
Suppose 6*a + 22 = i + 2*a, a = -5. Let k be 2*(33/6 - i). Suppose 5*x = k*x - 242. Is x a prime number?
False
Suppose -12*i + 8*i = -40. Suppose 15177 = 4*c - o, 2*o - i = 4*o. Is c a prime number?
True
Suppose 2*l - 41 = -3*i, l - 6 = -i + 8. Let c be ((-104)/(-10))/(2/10). Let x = c + i. Is x a composite number?
True
Let h = 957264 - 511615. Is h a composite number?
False
Let s = 251 - 179. Is 8877/27 + 16/s composite?
True
Let f be (1361 + 1)/((-6)/(-148)). Suppose f = 3*a - 48358. Suppose a = 13*p - 22667. Is p a prime number?
False
Let k(i) = 65*i**3 - 3*i - 9. Let q be k(3). Let t = 3174 - q. Is t a composite number?
True
Is 98988 + (-2 - (-65)/5) a composite number?
False
Suppose -11*q = -3*q + 536. Let j = -61 - q. Suppose 0 = b + 4*v - 1610, -2*v + j*v = 16. Is b prime?
False
Suppose 0 = -5*n + 3*v + 39, 4*n + v = 6*v + 26. Suppose -4672 = -13*a + n*a. Suppose 5*g - 1477 = 2*b + b, 4*g + b - a = 0. Is g a prime number?
True
Let n be 77977 + -87 + (2/(-1) - -1). Suppose -n = -43*s + 34642. Is s a prime number?
True
Let d(j) = j + 4. Let p be d(-2). Suppose 2*r + 4307 = p*a - 157, -3*r = 5*a - 11152. Is a a prime number?
False
Is (-300292)/(-1) - 1743/(-249) composite?
False
Let q(v) = 7*v**3 + 14*v**2 - 13*v - 35. Let j be q(9). Suppose 7*x - 1217 = -r + 6*x, -5*r + j = x. Is r prime?
True
Suppose 0*n + 2*n = -3*m + 113, -3*n = 3*m - 117. Suppose 4*i - 110 = -2*g, -84 = -2*g - i + m. Suppose f + 2*s = g + 166, f - s - 215 = 0. Is f a prime number?
False
Let p = 4518 - 6504. Let w(g) = -g**2 + 6*g + 4. Let a be w(7). Is ((-12)/(-8))/(a/p) prime?
False
Suppose 0 = -5*x - 2*s + 30, -4*s + 0*s = -20. Suppose -x*v + 9*v = 2210. Suppose -5*d - 559 = -4*u + v, 4*d = 4*u - 1000. Is u a composite number?
True
Is (3 + -3 - 1)/(-1 - (-1074608)/1074616) a prime number?
True
Let a = 102 - 61. Let w = a - 69. Is (w/(-12) - 2)/(3/1719) composite?
False
Suppose h + 1283014 = 6*t, 1286153 = 4*t - 4*h + 430797. Is t a composite number?
True
Suppose 3*o - 1000857 = 3*x, -49*x + 1334512 = 4*o - 44*x. Is o composite?
False
Let d(w) = -38 - 15*w - 22 + 76 - 32. Let f(t) = t**3 - 3*t**2 - 2*t - 1. Let i be f(3). Is d(i) prime?
True
Let p = 1377770 - 915691. Is p a composite number?
False
Let k(u) = 4*u**3 - u**2 - 11*u - 3. Let z be 258/36 - 3/18. Is k(z) prime?
False
Let b(p) = -51 + 17*p + 20*p**2 - 88 + 108. Is b(-18) composite?
False
Suppose -26*h - 1038397 = -57*h + 1390236. Is h composite?
True
Suppose 28*v = 34*v - 275682. Is v a prime number?
False
Let m = 64002 + -38233. Is m a composite number?
True
Let h(l) = 2*l**2 - 6*l. Let t be h(1). Let m(y) = -41*y**3 - 13*y**2 + 2*y - 6. Let b be m(t). Let z = b + -1335. Is z a prime number?
False
Let x(n) = n + 13. Let p be x(10). Let f(y) = -y**3 + 23*y**2 + y + 28. Let c be f(p). Suppose -54*m + c*m = -171. Is m a composite number?
True
Suppose -3*z - 95 = -29. Let i(f) = -f**2 - 25*f - 64. Let r be i(z). Suppose 5*n = -5*h + 645, -5*n + 56 = r*h - 583. Is n prime?
True
Suppose 0 = 5*v + 4*m - 279169, 183609 = 4*v - 4*m - 39683. Is v a prime number?
True
Let u be 75*(1 - 9/5). Let r be u/(-8)*-6*(-4)/15. Is 1482 - (r/(-3) + 5) a prime number?
True
Let t = -177 - -174. Is (-15)/t + 2405 - 3 composite?
True
Suppose 4*p + 3*i = 159750, -3*i + 2*i + 199693 = 5*p. Suppose -p = 7*n - 145856. Is n composite?
False
Let g be 2*((-14)/(-4) + -2). Suppose -g*w = -4*l - 463, 3*l = 3*w + 84 - 543. Is w prime?
True
Suppose -25 = 2*f + 3*f, 0 = 4*w - f - 13. Suppose w*j - 22 = -4*y - 2, 2*y = j - 2. Is 262/4 + (-36)/8 + j a composite number?
False
Let m be 18 - ((-49)/(-7) - 4). Suppose 0 = -26*x + m*x + 35981. Is x prime?
True
Let z = 171 + -103. Let r = z - 88. Let y(k) = 4*k**2 + 5*k + 23. Is y(r) a prime number?
True
Let q = 5 + -1. Let x be (15/(-25))/(21/(-105)). Suppose 2*o - q = 0, x*o - 571 = -3*z + 224. Is z a composite number?
False
Let b be 12310 - (-10)/6*3. Suppose 11*r = 6*r + b. Is r a composite number?
True
Let u(z) = 7*z - 18. Let s(t) = -3*t + 9. Let h(b) = 9*s(b) + 4*u(b). Let p be h(8). Suppose 822 = 19*a - p*a. Is a prime?
False
Suppose 4*b = 2*v + 24736, -5*b + 23746 = 4*v - 7135. Is b prime?
False
Suppose -15*p + 5611 = -14*p. Suppose 2*x + 5275 = 4*v - 17127, 4*x = v - p. Let f = v - 3698. Is f composite?
False
Suppose 3*i - 5*l + 107 = -5, l - 77 = 2*i. Let u = 678 - i. Suppose -3*s - 2*a + 539 = 0, 2*s + a = -2*s + u. Is s composite?
False
Suppose -7*a + 26 = -5*a. Let j(l) = 156*l + 25. Is j(a) a prime number?
True
Suppose 0 = 4*q - 4*c - 13456, 3369 = q + 7*c - 3*c. Is q/4 - (-12)/(-48) a prime number?
False
Suppose 5*m + 46 = -14. Let v be (8/m*3593)/((-4)/6). Let f = v + -2552. Is f a prime number?
False
Is -12*(-1880578)/(-56)*2/(-6) prime?
True
Is (-6)/8 - 56161945/(-188) a composite number?
False
Let p(q) = -5*q**3 - 35*q**2 + q - 54. Let t(w) = 4*w**3 + 33*w**2 - 2*w + 52. Let b(d) = 5*p(d) + 6*t(d). Is b(17) a composite number?
False
Let u(r) be the third derivative of r**5/15 - 3*r**4/8 - 2*r**3 - 69*r**2 + 1. Let f be (2/6)/((-1)/(-39)). Is u(f) prime?
True
Suppose 4*l + 15*o - 20*o + 4 = 0, 3*l + 10 = 2*o. Let w(i) = 370*i**2 + 8*i - 1. Is w(l) prime?
False
Let k = 69428 - -30395. Is k a prime number?
True
Suppose -1208935 = 610*g - 645*g. Is g composite?
True
Is 7 + (12 - 26) + 213888 a prime number?
True
Let f(n) = -40*n**3 - n**2 + n - 1. Let r be f(1). Let u = -5 - r. Suppose -4*j = u - 392. Is j a composite number?
False
Suppose 0 = 89*y + 323731 - 1914581 - 334309. Is y a prime number?
False
Let q be (-4 - -9)*(-1884)/(-5). Let p = q + -1192. Is 16/(-80) - p/(-10) composite?
True
Let l(q) be the third derivative of -q**6/120 + 7*q**5/60 + q**4/4 - 7*q**3/6 - 10*q**2. Let y be l(6). Suppose 70*w - 2395 = y*w. Is w prime?
True
Suppose -3*o - h = -2 - 11, 3*o - 19 = 2*h. Suppose -3*j + 57103 = o*m, j + m - 95157 = -4*j. Is j a composite number?
False
Suppose -t + 22 = 5*b, 3*t + 2*t + 2 = 3*b. Suppose -s - f = -5, -t*s - 3 - 15 = -5*f. Let c(u) = 2335*u. Is c(s) prime?
False
Suppose -83 = -5*h + 42. Let o(t) = 2*t**2 - 45 + 25 + h. Is o(5) a prime number?
False
Let p(a) = 2*a - 5. Let z be p(4). Let t be (3/5)/(3 + (-28)/10). Suppose -z*j + t*d = -3267, d + 2 = -0*d. Is j a prime number?
True
Let r = 77 - 58. Let y = -22 + r. Let f(o) = -5*o**3 - o**2 - 5*o - 2. Is f(y) a prime number?
True
Suppose -1072 = -9*c + c. Suppose -t + c - 37 = 0. Is t composite?
False
Suppose 3*y + 27 = 4*y. Let b = y - 23. Suppose 0 = -3*r - 3*w + 122 + 553, 2*w = b*r - 888. Is r composite?
False
Let t be (3/4)/(3/12). Suppose t*l + 7 = -4*l. Let s(o) = -1070*o**3 - 2